
Let q = -51 + 54. Suppose d = -3*g - 84, -3*d + 72 = -6*g + q*g. What are the prime factors of (-6)/g + (-1616)/(-18)?
2, 3, 5
Suppose 17*x + 6412 = 24*x. Let z = x + -630. List the prime factors of z.
2, 11, 13
Suppose 17*k = 13 + 55. Suppose -y - 2*g = -335, 1021 = k*y - y - 2*g. List the prime factors of y.
3, 113
Let m(o) be the first derivative of 5*o**4/12 - 7*o**3/3 + 9*o**2/2 - 9. Let p(v) be the second derivative of m(v). What are the prime factors of p(8)?
2, 3, 11
Suppose 1 = 5*o - 24. Suppose -o*p - 5 = -25. Suppose -5*m - 99 = -p*b + 61, 0 = -5*b - 4*m + 241. What are the prime factors of b?
3, 5
Suppose 8*g - 25 = 15. Suppose -g*f = 4*n - 601, 3*n - 422 = 7*f - 5*f. What are the prime factors of n?
2, 3
Suppose 0 = 47*p - 167161 + 875. List the prime factors of p.
2, 29, 61
Suppose -2 = 24*q - 25*q. Suppose q*p + 28 = 36. Suppose p*n = 70 + 58. What are the prime factors of n?
2
Let b(l) = 2*l + 14. Let h be b(-6). Suppose -h*q - p - 202 = 51, 4*q = 3*p - 481. List the prime factors of (-9 - -4 - -9) + (-1 - q).
127
Let h = -8838 + 10309. What are the prime factors of h?
1471
Let i be 29 + (5 - (9 + -2)). Suppose 2*j - 43 - i = 0. List the prime factors of j.
5, 7
Let x be (2 + 1)*(-95925)/(-45). Suppose 5*l - z = 3*z + x, 3*z + 15 = 0. List the prime factors of l.
3, 5, 17
Let i(o) = -105*o**3 + 3 - 114*o**3 - 2 + 5*o + 228*o**3 + 4*o**2. List the prime factors of i(4).
661
Suppose -6*u + 79573 = -u + v, 19*v - 57 = 0. List the prime factors of u.
2, 73, 109
Let x(h) = 12*h**2 + 109*h + 174. List the prime factors of x(-32).
2, 7, 641
Let j = 14 - 9. Suppose -4320 = j*s - 13*s. Let p = s - 353. List the prime factors of p.
11, 17
Let d be (656/24)/((-15)/9 + 1). Let w be (1 - d)*9/(-6). List the prime factors of (-7 + w)*1/(-2).
5, 7
Let u be ((-4)/8)/(1/(-3292)). Suppose -5*p = o + 3*o - 3282, 2*o + 5*p = u. List the prime factors of o.
2, 409
Suppose -5*n + 132 = 4*f, 75 = 4*f + 3*n - 65. Let c = 377 - f. Suppose 5*w - 5 = 0, 4*o - w + c = 1510. What are the prime factors of o?
293
Let u(y) be the first derivative of 2*y**2 - 35*y - 13. Let v be u(9). List the prime factors of (1 - 4) + 4 + v.
2
Let p = 67 - 45. Let g = -14 + p. Suppose 0 = -g*a + 128 + 224. List the prime factors of a.
2, 11
Suppose 396*g - 361*g - 25180 - 27110 = 0. What are the prime factors of g?
2, 3, 83
Suppose -4*l = 5*q - 387 + 3449, -5*q + 10 = 0. Let p = l - -793. What are the prime factors of p?
5
Suppose 0 = -5*o - 26*i + 27*i + 192867, 0 = 2*o + 3*i - 77123. List the prime factors of o.
2, 9643
Let k(z) = 5*z**3 - 7*z**2 + 6*z - 8. Let s be k(3). Let f = s - 82. Let l = f - -18. What are the prime factors of l?
2, 3
Let l(a) = -113*a + 5. Suppose 0 = 2*w - 3*r - 10, 5*w + 2*r + r - 4 = 0. Suppose 5*h + 21 = -f, -7 = f + 2*h + w. What are the prime factors of l(f)?
2, 59
What are the prime factors of (-5 - -28581) + 4/(-1) + 7?
28579
Let r be 2457/(-143) + (-4)/(-22). Let s(b) = -b**3 - 17*b**2 - 1. Let m be s(r). What are the prime factors of (m + (-42)/(-10))*5?
2
Let y(x) = x**3 - 6*x**2 + 7*x - 7. Let m be y(5). Suppose -m*i + 1593 = -3*w, 3*i + 889 = 2*w + 2486. What are the prime factors of i?
5, 107
Let u(t) = 98*t**2 + 2*t - 25. Let v(r) = 12*r - 80. Let h be v(7). What are the prime factors of u(h)?
3, 11, 47
Let u be (-9)/((-6)/2) + -3. Suppose -9*v + 1638 + 711 = u. List the prime factors of v.
3, 29
Let r(x) be the third derivative of 11*x**4/3 + 59*x**3/6 - 9*x**2 - 5*x. What are the prime factors of r(4)?
3, 137
Let h = 11263 + -6018. Suppose 5*d - h = -5*r, -5*r - 2 = 13. List the prime factors of d.
2, 263
What are the prime factors of ((-3388)/14)/((-3)/237*1)?
2, 11, 79
Suppose 141 = -3*f - 3*i, -2*f + 7*i - 119 = 4*i. Let k = f - -101. Let h = 113 - k. What are the prime factors of h?
2
Suppose 0 = -y - l + 2520, -y - l = -5*y + 10095. List the prime factors of y.
3, 29
Let q = 76405 + -29589. List the prime factors of q.
2, 7, 11, 19
Suppose 0 = r - 4*z + 15, 0 = -5*r - 4*z - 12 + 33. Let f = r - -2. Suppose -6*c + 117 = -f*c. List the prime factors of c.
3, 13
Suppose -4*z + 0*z = -48. Let y(b) = b**2 - 8*b - 16. Let k be y(z). Let p = 47 - k. What are the prime factors of p?
3, 5
Let t(f) = -f**2 + 7*f + 1049. Suppose 0 = 3*x + i + 4, -2*x + 2*i = -3*i - 20. List the prime factors of t(x).
1049
List the prime factors of 28063/5 - 50/(-125).
3, 1871
List the prime factors of 8/6*(-8675436)/(-1232).
41, 229
Let a(o) = 20*o + 16. Let q be a(-4). Let n = -59 - q. Suppose -n*g = 4*r - 249, g = -2*r + 75 + 54. List the prime factors of r.
2, 3, 11
Let n(f) = 6*f**2 - 4*f - 10. Let u(s) = 2*s**3 - 2*s**2 - s - 1. Let y be u(2). List the prime factors of n(y).
2, 3, 5
Let q be (-6)/51 - (-13)/(1326/4908). Suppose -q*a = -45*a - 870. What are the prime factors of a?
2, 5, 29
Let d = 14340 + 9264. List the prime factors of d.
2, 3, 7, 281
Let q(p) = 3*p**2 + 20*p + 15. Let r be q(-6). Suppose -12*u = -r*u - 36. Suppose -3*i = -u*o - 445, -5*i = -2*o + 4*o - 733. List the prime factors of i.
3, 7
Let w(x) = 1347*x + 1721. What are the prime factors of w(5)?
2, 7, 151
Let n(h) be the first derivative of 193*h**2/2 + 316*h - 233. List the prime factors of n(8).
2, 3, 5, 31
Let r = -126 - 111. Let y = 1005 + r. What are the prime factors of y?
2, 3
Suppose -4*l = -3*p + 99, 3*l + 4*p + 18 + 25 = 0. List the prime factors of 2/l + (-401388)/(-819).
2, 5, 7
Suppose -4*p - 3*k = -23133, -23115 = -4*p + 4*k - k. List the prime factors of p.
3, 41, 47
Suppose 0 = 79*z - 70*z - 28953. List the prime factors of z.
3217
Suppose -56632 + 225204 = 34*c. List the prime factors of c.
2, 37, 67
Let o be (22/(-99))/(2/6)*-15. Let t = o + -32. What are the prime factors of (330/(-10))/(6/t)?
11
Suppose -2*c = 5*n - 22686, 2*n + 9*c = 5*c + 9084. What are the prime factors of n?
2, 3, 7
Let c be ((6735/(-9))/(-5))/(1/(-3)). Let s = 728 + c. List the prime factors of s.
3, 31
Suppose -4*r - 1134 = -3*r. Let y = -675 - r. What are the prime factors of y?
3, 17
Suppose -f - 4*f = -25. Suppose -16 = -2*q + k, 3*q - f*k + 7*k - 38 = 0. List the prime factors of q.
2, 5
Let y be (-7)/(21/12) - (-1325)/5. Let h = 414 - y. What are the prime factors of h?
3, 17
Suppose 228835 - 62389 = 126*s. List the prime factors of s.
1321
Let o(j) = 237*j**2 + 78*j + 502. What are the prime factors of o(-9)?
11, 157
Suppose 7*g + 76 = 97. Suppose -5 + 11 = g*r, 4*j - 1402 = -5*r. What are the prime factors of j?
2, 3, 29
Suppose -2*l + t + 4 = 0, 0*l - 3*t = l + 12. Let y(b) = -b**3 - 31*b**2 - 130*b - 7. Let v be y(-26). What are the prime factors of (0 - -258) + l/v?
2, 3, 43
Let q(x) = x**2 - 3*x + 2. Let t be q(1). Suppose 3*g + 2*u + 1000 - 3821 = t, -5*g + 3*u + 4727 = 0. What are the prime factors of g?
23, 41
Suppose a = 3*t - 0*t - 2017, 5*t + 4*a - 3356 = 0. Suppose -t = -12*o + 5*o. Suppose 95 = u + 3*q, -3*u + q = o - 371. List the prime factors of u.
2, 23
Suppose 6*h - 9*h - 5*z + 26444 = 0, -3*z = -3*h + 26436. List the prime factors of h.
7, 1259
Let m = -17570 - -24802. What are the prime factors of m?
2, 113
Let g be ((-204)/85)/((-6)/(-15)). Let j(p) = 12*p**2 - 10*p - 44. What are the prime factors of j(g)?
2, 7
Suppose -5*u - g - 3 = 0, -2 = 2*u - g - 5. Suppose -2*h = -u*i + 2*i + 56, 0 = i + 4*h + 43. Let w = -6 - i. What are the prime factors of w?
17
Let p(a) be the third derivative of 11*a**4/24 - 37*a**3/3 + a**2 + 14. What are the prime factors of p(12)?
2, 29
Suppose 0 = -2*w + 4*z + 12778, 18*w - 22*w + 4*z = -25580. What are the prime factors of w?
37, 173
Let z(f) = -f + 9. Let o be z(-6). Let v(l) = 12*l**2 + 22 - 20*l**2 + 6*l**2 + 3*l**2 - 8*l. What are the prime factors of v(o)?
127
Let h(s) = -s**2 + 14*s + 61. Let y be h(19). Let t be y/((-52)/(-14) + -4). Suppose l - 175 = t. What are the prime factors of l?
2, 3, 7
Suppose -1681*g - 5*q = -1678*g - 31696, -42271 = -4*g + 3*q. List the prime factors of g.
10567
Let r(i) be the second derivative of 3*i**3/2 + i**2 + 2*i + 1. List the prime factors of r(25).
227
Let a = 16809 - 9708. What are the prime factors of a?
3, 263
Suppose 4*r + 503 = 5*d, -d + 0*d - 5*r + 89 = 0. Let u = -104 + d. What are the prime factors of u + (3 + 76)*1?
2, 37
Let b(o) be the first derivative of o + 86/3